{"id":368,"date":"2020-07-13T18:31:53","date_gmt":"2020-07-13T16:31:53","guid":{"rendered":"http:\/\/u-klubi.com\/avavesi\/?page_id=368"},"modified":"2020-08-17T06:48:26","modified_gmt":"2020-08-17T04:48:26","slug":"2020-tulemused","status":"publish","type":"page","link":"https:\/\/u-klubi.com\/avavesi\/index.php\/avaveeujumise-tulemused\/2020-tulemused\/","title":{"rendered":"2020 tulemused"},"content":{"rendered":"\n<p><strong><span class=\"has-inline-color has-very-dark-gray-color\">Seeriav\u00f5istluse <\/span><\/strong><a rel=\"noreferrer noopener\" href=\"https:\/\/u-klubi.com\/avavesi\/wp-content\/uploads\/2020\/08\/20_avavee_koond_4-etappi.pdf\" target=\"_blank\">koondarvestus<\/a><\/p>\n\n\n\n<p><strong>L 4. juuli<\/strong>&nbsp;Karksi-Nuia avaveeujumine, seeriav\u00f5istluste etapp (MT\u00dc AOK Arendus),&nbsp;<a rel=\"noreferrer noopener\" href=\"https:\/\/drive.google.com\/file\/d\/1HxBP-7IKxqPZLiVLH0PIBoUGdf0hhUn7\/view\" target=\"_blank\">tulemused<\/a><\/p>\n\n\n\n<p><strong>L 11. juuli&nbsp;<\/strong>M\u00e4nniku avaveeujumine, seeriav\u00f5istluste etapp (EUL, U-Klubi), <a href=\"https:\/\/u-klubi.com\/avavesi\/wp-content\/uploads\/2020\/07\/20200711_M\u00e4nniku_tulemused.pdf\" target=\"_blank\" rel=\"noreferrer noopener\">tulemused<\/a><\/p>\n\n\n\n<p><strong>L 18. juuli<\/strong>&nbsp;Eesti MV 3\/5 km, P\u00fchaj\u00e4rve (SK Nord, EUL), <a href=\"http:\/\/www.antrotsenter.ee\/tulemused\/2020puhajarveujumine.pdf\" target=\"_blank\" rel=\"noreferrer noopener\">tulemused<\/a><\/p>\n\n\n\n<p><strong>L 18. juuli<\/strong>&nbsp;Annimatsi Open (p\u00e4rast Eesti MV), K\u00e4rnj\u00e4rve, vaba ujumine<\/p>\n\n\n\n<p><strong>L 25. juuli&nbsp;<\/strong>27. V\u00e4ikese V\u00e4ina avaveeujumine, seeriav\u00f5istluste etapp (MT\u00dc Konnonkonn, U-klubi), <a href=\"https:\/\/www.racetecresults.com\/results.aspx?CId=16573&amp;RId=310\" target=\"_blank\" rel=\"noreferrer noopener\">tulemused<\/a><\/p>\n\n\n\n<p><strong>P 26. juuli\u00a0<\/strong>27. \u00dcle Saadj\u00e4rve ujumine (Tartumaa Spordiliit), <a href=\"https:\/\/tartumaasport.ee\/27-ule-saadjarve-ujumine-kukulinna-26-07-2020\/\" target=\"_blank\" rel=\"noreferrer noopener\">tulemused<\/a><\/p>\n\n\n\n<p><strong>P 2. august<\/strong>\u00a0Tabivere avaveeujumine, seeriav\u00f5istluste etapp (MT\u00dc AOK Arendus), <a href=\"https:\/\/my.raceresult.com\/155198\/results?lang=en\" target=\"_blank\" rel=\"noreferrer noopener\">tulemused<\/a><\/p>\n\n\n\n<p><strong>L 8. august<\/strong>\u00a0Eesti MV 10 km, P\u00fchaj\u00e4rve (SK Nord, EUL), <a href=\"http:\/\/www.swimming.ee\/wp-content\/uploads\/2020\/08\/Eesti_MV_OW_10km_2020_tulemused.pdf\" target=\"_blank\" rel=\"noreferrer noopener\">tulemused<\/a><\/p>\n\n\n\n<p><strong>L 15. august<\/strong>\u00a0G. Otsa m\u00e4lestusv\u00f5istlus, seeriav\u00f5istluste etapp (V\u00f5rumaa Spordiliit), <a href=\"https:\/\/docs.google.com\/spreadsheets\/d\/1FmsTNPNBuQc3bb-FGlBPVkXgUwW11RMAnlLofdil7ss\/edit#gid=0\" target=\"_blank\" rel=\"noreferrer noopener\">tulemused<\/a><\/p>\n\n\n\n<p><strong>P 16. august\u00a0<\/strong>Elva avaveeujumine, seeriav\u00f5istluste etapp (MT\u00dc Karksi Sport), <a href=\"https:\/\/my.raceresult.com\/155231\/results?lang=en\" target=\"_blank\" rel=\"noreferrer noopener\">tulemused<\/a><\/p>\n\n\n\n<p><strong>N 20. august<\/strong>&nbsp;Kahe silla retk, P\u00e4rnu (P\u00e4rnu UCA)<\/p>\n\n\n\n<p><strong>L 22. august&nbsp;<\/strong>Triathlon Estonia avaveeujumine, Kuremaa (MT\u00dc Triathlon Estonia)<\/p>\n","protected":false},"excerpt":{"rendered":"<p>Seeriav\u00f5istluse koondarvestus L 4. juuli&nbsp;Karksi-Nuia avaveeujumine, seeriav\u00f5istluste etapp (MT\u00dc AOK Arendus),&nbsp;tulemused L 11. juuli&nbsp;M\u00e4nniku avaveeujumine, seeriav\u00f5istluste etapp (EUL, U-Klubi), tulemused L 18. juuli&nbsp;Eesti MV 3\/5 km, P\u00fchaj\u00e4rve (SK Nord, EUL), tulemused L 18. juuli&nbsp;Annimatsi Open (p\u00e4rast Eesti MV), K\u00e4rnj\u00e4rve, vaba ujumine L 25. juuli&nbsp;27. V\u00e4ikese V\u00e4ina avaveeujumine, seeriav\u00f5istluste etapp (MT\u00dc Konnonkonn, U-klubi), tulemused P 26. &hellip; <a href=\"https:\/\/u-klubi.com\/avavesi\/index.php\/avaveeujumise-tulemused\/2020-tulemused\/\" class=\"more-link\">Loe edasi<span class=\"screen-reader-text\"> &#8220;2020 tulemused&#8221;<\/span><\/a><\/p>\n","protected":false},"author":1,"featured_media":0,"parent":43,"menu_order":0,"comment_status":"closed","ping_status":"closed","template":"","meta":{"two_page_speed":[],"footnotes":""},"class_list":["post-368","page","type-page","status-publish","hentry"],"jetpack_sharing_enabled":true,"_links":{"self":[{"href":"https:\/\/u-klubi.com\/avavesi\/index.php\/wp-json\/wp\/v2\/pages\/368","targetHints":{"allow":["GET"]}}],"collection":[{"href":"https:\/\/u-klubi.com\/avavesi\/index.php\/wp-json\/wp\/v2\/pages"}],"about":[{"href":"https:\/\/u-klubi.com\/avavesi\/index.php\/wp-json\/wp\/v2\/types\/page"}],"author":[{"embeddable":true,"href":"https:\/\/u-klubi.com\/avavesi\/index.php\/wp-json\/wp\/v2\/users\/1"}],"replies":[{"embeddable":true,"href":"https:\/\/u-klubi.com\/avavesi\/index.php\/wp-json\/wp\/v2\/comments?post=368"}],"version-history":[{"count":6,"href":"https:\/\/u-klubi.com\/avavesi\/index.php\/wp-json\/wp\/v2\/pages\/368\/revisions"}],"predecessor-version":[{"id":424,"href":"https:\/\/u-klubi.com\/avavesi\/index.php\/wp-json\/wp\/v2\/pages\/368\/revisions\/424"}],"up":[{"embeddable":true,"href":"https:\/\/u-klubi.com\/avavesi\/index.php\/wp-json\/wp\/v2\/pages\/43"}],"wp:attachment":[{"href":"https:\/\/u-klubi.com\/avavesi\/index.php\/wp-json\/wp\/v2\/media?parent=368"}],"curies":[{"name":"wp","href":"https:\/\/api.w.org\/{rel}","templated":true}]}}