{"id":806,"date":"2025-05-17T09:32:45","date_gmt":"2025-05-17T07:32:45","guid":{"rendered":"https:\/\/u-klubi.com\/avavesi\/?page_id=806"},"modified":"2025-07-13T08:54:54","modified_gmt":"2025-07-13T06:54:54","slug":"avaveeujumine-2025","status":"publish","type":"page","link":"https:\/\/u-klubi.com\/avavesi\/index.php\/avaveeujumise-kalender\/avaveeujumine-2025\/","title":{"rendered":"Avaveeujumine 2025"},"content":{"rendered":"\n<p>Seeriav\u00f5istluste&nbsp;\u00fcldjuhend<\/p>\n\n\n\n<p>Avaveeujumise&nbsp;<a href=\"https:\/\/u-klubi.com\/avavesi\/wp-content\/uploads\/2025\/05\/OWS_kalender2025_v02.pdf\" target=\"_blank\" rel=\"noreferrer noopener\">kalender<\/a> pdf-failina allalaadimiseks.<\/p>\n\n\n\n<p><strong>P 15. juuni&nbsp;<\/strong>Karksi-Nuia avaveeujumine, AOK Arendus MT\u00dc, seeriav\u00f5istluse I etapp,&nbsp;juhend<\/p>\n\n\n\n<p><strong>L 28. juuni<\/strong> 5. Haapsalu-\u00d6sterby avaveeujumine, U-klubi, seeriav\u00f5istluse II etapp,&nbsp;<a href=\"https:\/\/u-klubi.com\/avavesi\/wp-content\/uploads\/2025\/06\/20250628_Haapsalu_Osterby_juhend.pdf\" target=\"_blank\" rel=\"noreferrer noopener\">juhend<\/a>  (<strong><mark style=\"background-color:rgba(0, 0, 0, 0)\" class=\"has-inline-color has-bright-red-color\">NB!<\/mark><\/strong> eelregistreerimise t\u00e4htaega on pikendatud!)<\/p>\n\n\n\n<p><strong>L 28. juuni<\/strong>&nbsp;OW Estonia, K\u00e4smu-V\u00f5su avaveeujumine, MT\u00dc Rakvere Maraton,&nbsp;juhend<\/p>\n\n\n\n<p><strong>L 12. juuli<\/strong>&nbsp;OW Estonia, Pirita avaveeujumine, MT\u00dc Rakvere Maraton,&nbsp;juhend<\/p>\n\n\n\n<p><strong>P 13. juuli<\/strong>&nbsp;Elva avaveeujumine, AOK Arendus MT\u00dc, seeriav\u00f5istluse III etapp,&nbsp;juhend<\/p>\n\n\n\n<p><strong>L 19. juuli<\/strong>\u00a0Eesti MV 10 km, masters 3,3 km, Viljandi, EUL \/ AOK Arendus MT\u00dc,\u00a0<a href=\"https:\/\/u-klubi.com\/avavesi\/wp-content\/uploads\/2025\/07\/20250719_AvaveeMV2025_1033166EASL.pdf\" target=\"_blank\" rel=\"noreferrer noopener\">juhend<\/a><\/p>\n\n\n\n<p><strong>P 20. juuli<\/strong> 32. \u00dcle Saadj\u00e4rve ujumine, AOK Arendus MT\u00dc, juhend <\/p>\n\n\n\n<p><strong>L 26. juuli<\/strong>\u00a032. V\u00e4ikese V\u00e4ina avaveeujumine, MT\u00dc Konnonkonn \/ U-klubi, seeriav\u00f5istluse IV etapp,\u00a0<a href=\"https:\/\/u-klubi.com\/avavesi\/wp-content\/uploads\/2025\/07\/20250726_VaikeVain_juhend.pdf\" target=\"_blank\" rel=\"noreferrer noopener\">juhend<\/a><\/p>\n\n\n\n<p><strong>P 27. juuli<\/strong>&nbsp;Avamere ujumisp\u00e4ev Kaunispe sadamas<\/p>\n\n\n\n<p><strong>L 2. august<\/strong>\u00a05. O. Lukini m\u00e4lestusv\u00f5istlus, P\u00fchaj\u00e4rve, U-klubi, seeriav\u00f5istluse V etapp,\u00a0<a href=\"https:\/\/u-klubi.com\/avavesi\/wp-content\/uploads\/2025\/07\/20250802_Puhajarve_juhend.pdf\" target=\"_blank\" rel=\"noreferrer noopener\">juhend<\/a><\/p>\n\n\n\n<p><strong>P 3. august<\/strong>&nbsp;Tabivere avaveeujumine, AOK Arendus MT\u00dc, seeriav\u00f5istluse VI etapp,&nbsp;juhend<\/p>\n\n\n\n<p><strong>L 9. august<\/strong>\u00a0Eesti MV 4\u00d71,5 km, P\u00fchaj\u00e4rve,\u00a0EUL \/ AOK Arendus MT\u00dc, <a href=\"https:\/\/u-klubi.com\/avavesi\/wp-content\/uploads\/2025\/07\/20250809_AvaveeMV2025_4x15km.pdf\" target=\"_blank\" rel=\"noreferrer noopener\">juhend<\/a><\/p>\n\n\n\n<p><strong>P 10. august<\/strong> Eesti MV 5 km, P\u00fchaj\u00e4rve,\u00a0EUL \/ AOK Arendus MT\u00dc, <a href=\"https:\/\/u-klubi.com\/avavesi\/wp-content\/uploads\/2025\/07\/20250810_AvaveeMV2025_5km.pdf\" target=\"_blank\" rel=\"noreferrer noopener\">juhend<\/a><\/p>\n\n\n\n<p><strong>P 17. august<\/strong>&nbsp;G. Otsa m\u00e4lestusv\u00f5istlus, Tamula, V\u00f5rumaa Spordiliit, seeriav\u00f5istluse VII etapp,&nbsp;juhend<\/p>\n\n\n\n<p><strong>P&nbsp;20. august<\/strong>&nbsp;Kolme silla retk, P\u00e4rnu, P\u00e4rnu UCA,&nbsp;juhend<\/p>\n","protected":false},"excerpt":{"rendered":"<p>Seeriav\u00f5istluste&nbsp;\u00fcldjuhend Avaveeujumise&nbsp;kalender pdf-failina allalaadimiseks. P 15. juuni&nbsp;Karksi-Nuia avaveeujumine, AOK Arendus MT\u00dc, seeriav\u00f5istluse I etapp,&nbsp;juhend L 28. juuni 5. Haapsalu-\u00d6sterby avaveeujumine, U-klubi, seeriav\u00f5istluse II etapp,&nbsp;juhend (NB! eelregistreerimise t\u00e4htaega on pikendatud!) L 28. juuni&nbsp;OW Estonia, K\u00e4smu-V\u00f5su avaveeujumine, MT\u00dc Rakvere Maraton,&nbsp;juhend L 12. juuli&nbsp;OW Estonia, Pirita avaveeujumine, MT\u00dc Rakvere Maraton,&nbsp;juhend P 13. juuli&nbsp;Elva avaveeujumine, AOK Arendus MT\u00dc, seeriav\u00f5istluse &hellip; <a href=\"https:\/\/u-klubi.com\/avavesi\/index.php\/avaveeujumise-kalender\/avaveeujumine-2025\/\" class=\"more-link\">Loe edasi<span class=\"screen-reader-text\"> &#8220;Avaveeujumine 2025&#8221;<\/span><\/a><\/p>\n","protected":false},"author":1,"featured_media":0,"parent":18,"menu_order":1,"comment_status":"closed","ping_status":"closed","template":"","meta":{"two_page_speed":[],"footnotes":""},"class_list":["post-806","page","type-page","status-publish","hentry"],"jetpack_sharing_enabled":true,"_links":{"self":[{"href":"https:\/\/u-klubi.com\/avavesi\/index.php\/wp-json\/wp\/v2\/pages\/806","targetHints":{"allow":["GET"]}}],"collection":[{"href":"https:\/\/u-klubi.com\/avavesi\/index.php\/wp-json\/wp\/v2\/pages"}],"about":[{"href":"https:\/\/u-klubi.com\/avavesi\/index.php\/wp-json\/wp\/v2\/types\/page"}],"author":[{"embeddable":true,"href":"https:\/\/u-klubi.com\/avavesi\/index.php\/wp-json\/wp\/v2\/users\/1"}],"replies":[{"embeddable":true,"href":"https:\/\/u-klubi.com\/avavesi\/index.php\/wp-json\/wp\/v2\/comments?post=806"}],"version-history":[{"count":8,"href":"https:\/\/u-klubi.com\/avavesi\/index.php\/wp-json\/wp\/v2\/pages\/806\/revisions"}],"predecessor-version":[{"id":832,"href":"https:\/\/u-klubi.com\/avavesi\/index.php\/wp-json\/wp\/v2\/pages\/806\/revisions\/832"}],"up":[{"embeddable":true,"href":"https:\/\/u-klubi.com\/avavesi\/index.php\/wp-json\/wp\/v2\/pages\/18"}],"wp:attachment":[{"href":"https:\/\/u-klubi.com\/avavesi\/index.php\/wp-json\/wp\/v2\/media?parent=806"}],"curies":[{"name":"wp","href":"https:\/\/api.w.org\/{rel}","templated":true}]}}