{"id":180,"date":"2019-06-07T06:22:40","date_gmt":"2019-06-07T04:22:40","guid":{"rendered":"https:\/\/u-klubi.com\/?page_id=180"},"modified":"2019-08-08T17:24:29","modified_gmt":"2019-08-08T15:24:29","slug":"avaveeujumine-2019","status":"publish","type":"page","link":"https:\/\/u-klubi.com\/index.php\/avaveeujumise-kalender\/avaveeujumine-2019\/","title":{"rendered":"Avaveeujumine 2019"},"content":{"rendered":"<p><strong>Seeriav\u00f5istluste <a href=\"https:\/\/u-klubi.com\/wp-content\/uploads\/2019\/06\/OW2019_seeria_yldjuhend.pdf\" target=\"_blank\" rel=\"noopener noreferrer\">\u00fcldjuhend<\/a><\/strong><\/p>\n<p><strong>N 13. juuni<\/strong> Zoot P\u00fchaj\u00e4rve avaveeujumine, P\u00fchaj\u00e4rv, <a href=\"https:\/\/www.trismile.ee\/event\/zoot-puhajarve-avaveeujumine\/\" target=\"_blank\" rel=\"noopener noreferrer\">juhend<\/a><\/p>\n<p><strong>P 30. juuni<\/strong> M\u00e4nniku avaveeujumine, Valdeku karj\u00e4\u00e4r, seeriav\u00f5istluse etapp, <a href=\"https:\/\/u-klubi.com\/wp-content\/uploads\/2019\/06\/20190630_M\u00e4nniku_juhend.pdf\" target=\"_blank\" rel=\"noopener noreferrer\">juhend<\/a><\/p>\n<p><strong>R 12. juuli<\/strong> Zoot Tartu avaveeujumine, Emaj\u00f5gi, <a href=\"https:\/\/www.trismile.ee\/event\/zoot-tartu-avaveeujumine\/\" target=\"_blank\" rel=\"noopener noreferrer\">juhend<\/a><\/p>\n<p><strong>P 14. juuli<\/strong> Karksi-Nuia avaveeujumine, seeriav\u00f5istluse etapp, <a href=\"https:\/\/u-klubi.com\/u-klubi\/wp-content\/uploads\/2019\/06\/20190714_Karksi_juhend.pdf\" target=\"_blank\" rel=\"noopener noreferrer\">juhend<\/a>, <a href=\"http:\/\/sport.karksi.ee\/\" target=\"_blank\" rel=\"noopener noreferrer\">registreerimine<\/a><\/p>\n<p><strong>L 20. juuli<\/strong> Eesti MV 5 km, Viljandi, avaveefestivali <a href=\"https:\/\/sknord.ee\/avaveeujumise-koguperefestival\/\" target=\"_blank\" rel=\"noopener noreferrer\">koduleht<\/a>, festivali <a href=\"https:\/\/u-klubi.com\/wp-content\/uploads\/2019\/06\/Nord-festival-juhend.pdf\" target=\"_blank\" rel=\"noopener noreferrer\">ajakava ja juhend<\/a>, meistriv\u00f5istluste <a href=\"https:\/\/u-klubi.com\/wp-content\/uploads\/2019\/06\/Eesti_MV_OW_2019.pdf\" target=\"_blank\" rel=\"noopener noreferrer\">juhend<\/a>, registreerimise <strong>TA 20. juuni 2019<\/strong><\/p>\n<p><strong>P 21. juuli<\/strong> Eesti MV 10 km, meisterujujatele 3 km, Viljandi, avaveefestivali <a href=\"https:\/\/sknord.ee\/avaveeujumise-koguperefestival\/\" target=\"_blank\" rel=\"noopener noreferrer\">koduleht<\/a>, festivali <a href=\"https:\/\/u-klubi.com\/wp-content\/uploads\/2019\/06\/Nord-festival-juhend.pdf\" target=\"_blank\" rel=\"noopener noreferrer\">ajakava ja juhend<\/a>, meistriv\u00f5istluste <a href=\"https:\/\/u-klubi.com\/wp-content\/uploads\/2019\/06\/Eesti_MV_OW_2019.pdf\" target=\"_blank\" rel=\"noopener noreferrer\">juhend<\/a>, registreerimise <strong>TA 20. juuni 2019<\/strong><\/p>\n<p><strong>L 27. juuli<\/strong> V\u00e4ikese V\u00e4ina avaveeujumine, seeriav\u00f5istluse etapp, <a href=\"https:\/\/u-klubi.com\/wp-content\/uploads\/2019\/07\/20190727_V\u00e4ikeV\u00e4in-1.pdf\" target=\"_blank\" rel=\"noopener noreferrer\">juhend<\/a><\/p>\n<p><strong>L 27. juuli<\/strong> III Minski avaveeujumise maraton, <a href=\"https:\/\/u-klubi.com\/index.php\/2019\/06\/22\/komsomoli-jarve-ujumine-minskis\/\" target=\"_blank\" rel=\"noopener noreferrer\">juhend<\/a><\/p>\n<p><strong>P 28. juuli<\/strong> \u00dcle Saadj\u00e4rve ujumine, <a href=\"https:\/\/u-klubi.com\/wp-content\/uploads\/2019\/07\/\u00fcle-Saadj\u00e4rve.pdf\" target=\"_blank\" rel=\"noopener noreferrer\">juhend<\/a><\/p>\n<p><strong>L 03. august<\/strong>\u00a0<a href=\"https:\/\/u-klubi.com\/u-klubi\" target=\"_blank\" rel=\"noopener noreferrer\">Annimatsi Open<\/a><\/p>\n<p><strong>P 04. august<\/strong> Tabivere avaveeujumine, seeriav\u00f5istluse etapp, <a href=\"https:\/\/u-klubi.com\/u-klubi\/wp-content\/uploads\/2019\/06\/20190804_Tabivere_juhend.pdf\" target=\"_blank\" rel=\"noopener noreferrer\">juhend,<\/a> <a href=\"https:\/\/my2.raceresult.com\/130398\/\" target=\"_blank\" rel=\"noopener noreferrer\">registreerimine<\/a><\/p>\n<p><strong>L 10. august<\/strong> G. Otsa m\u00e4lestusv\u00f5istlus, seeriav\u00f5istluse etapp, <a href=\"https:\/\/docs.google.com\/document\/d\/1IZ4ZKHbho5SASi8BXFx7toPAd1p6vkXIbbLSZIFzYs8\/edit\" target=\"_blank\" rel=\"noopener noreferrer\">juhend<\/a>,\u00a0<a href=\"http:\/\/vorumaaspordiliit.ee\/index.php?lang=est&amp;main_id=141\" target=\"_blank\" rel=\"noopener noreferrer\">registreerimine<\/a><\/p>\n<p><strong>P 11. august<\/strong> Elva avaveeujumine, seeriav\u00f5istluse etapp, <a href=\"https:\/\/u-klubi.com\/wp-content\/uploads\/2019\/07\/Elva_avaveeujumine-2019.pdf\" target=\"_blank\" rel=\"noopener noreferrer\">juhend<\/a>, <a href=\"https:\/\/my3.raceresult.com\/131808\/\" target=\"_blank\" rel=\"noopener noreferrer\">registreerimine<\/a><\/p>\n<p><strong>L 17. august<\/strong> 4. Piirissaare ujumine, <a href=\"https:\/\/tartumaasport.ee\/events\/4-piirissaare-ujumine\/\" target=\"_blank\" rel=\"noopener noreferrer\">juhend<\/a><\/p>\n<p><strong>T 20. august<\/strong> Kahe silla ujumisretk, P\u00e4rnu, <a href=\"https:\/\/www.facebook.com\/events\/898014580536838\/\" target=\"_blank\" rel=\"noopener noreferrer\">\u00dcrituse info FB-s<\/a><\/p>\n<p><strong>L 24. august<\/strong> Triathlon Estonia avaveeujumine, <a href=\"http:\/\/triathlonestonia.ee\/#logo-kulka\" target=\"_blank\" rel=\"noopener noreferrer\">koduleht<\/a><\/p>\n<p><strong>L 31. august <\/strong>Seitse Silda ujumismatk, Tartu <a href=\"https:\/\/www.sportos.eu\/ee\/et\/7-silda-ujumismatk-2019?fbclid=IwAR2IuLclBT341SWYooSdqndWEV7mbo6FaYxh0IPLZ1iqNsDWfs-0ut-KGt4\" target=\"_blank\" rel=\"noopener noreferrer\">Info ja registreerimine<\/a><\/p>\n","protected":false},"excerpt":{"rendered":"<p>Seeriav\u00f5istluste \u00fcldjuhend N 13. juuni Zoot P\u00fchaj\u00e4rve avaveeujumine, P\u00fchaj\u00e4rv, juhend P 30. juuni M\u00e4nniku avaveeujumine, Valdeku karj\u00e4\u00e4r, seeriav\u00f5istluse etapp, juhend R 12. juuli Zoot Tartu avaveeujumine, Emaj\u00f5gi, juhend P 14. juuli Karksi-Nuia avaveeujumine, seeriav\u00f5istluse etapp, juhend, registreerimine L 20. juuli Eesti MV 5 km, Viljandi, avaveefestivali koduleht, festivali ajakava ja juhend, meistriv\u00f5istluste juhend, registreerimise TA &hellip; <a href=\"https:\/\/u-klubi.com\/index.php\/avaveeujumise-kalender\/avaveeujumine-2019\/\" class=\"more-link\">Continue reading<span class=\"screen-reader-text\"> &#8220;Avaveeujumine 2019&#8221;<\/span><\/a><\/p>\n","protected":false},"author":1,"featured_media":0,"parent":18,"menu_order":1,"comment_status":"closed","ping_status":"closed","template":"","meta":{"two_page_speed":[],"footnotes":""},"class_list":["post-180","page","type-page","status-publish","hentry"],"jetpack_sharing_enabled":true,"_links":{"self":[{"href":"https:\/\/u-klubi.com\/index.php\/wp-json\/wp\/v2\/pages\/180","targetHints":{"allow":["GET"]}}],"collection":[{"href":"https:\/\/u-klubi.com\/index.php\/wp-json\/wp\/v2\/pages"}],"about":[{"href":"https:\/\/u-klubi.com\/index.php\/wp-json\/wp\/v2\/types\/page"}],"author":[{"embeddable":true,"href":"https:\/\/u-klubi.com\/index.php\/wp-json\/wp\/v2\/users\/1"}],"replies":[{"embeddable":true,"href":"https:\/\/u-klubi.com\/index.php\/wp-json\/wp\/v2\/comments?post=180"}],"version-history":[{"count":19,"href":"https:\/\/u-klubi.com\/index.php\/wp-json\/wp\/v2\/pages\/180\/revisions"}],"predecessor-version":[{"id":324,"href":"https:\/\/u-klubi.com\/index.php\/wp-json\/wp\/v2\/pages\/180\/revisions\/324"}],"up":[{"embeddable":true,"href":"https:\/\/u-klubi.com\/index.php\/wp-json\/wp\/v2\/pages\/18"}],"wp:attachment":[{"href":"https:\/\/u-klubi.com\/index.php\/wp-json\/wp\/v2\/media?parent=180"}],"curies":[{"name":"wp","href":"https:\/\/api.w.org\/{rel}","templated":true}]}}