{"id":1000,"date":"2019-04-22T06:39:32","date_gmt":"2019-04-22T04:39:32","guid":{"rendered":"http:\/\/u-klubi.com\/u-klubi\/?page_id=1000"},"modified":"2022-01-01T16:16:20","modified_gmt":"2022-01-01T14:16:20","slug":"2019-2020-hooaja-voistluste-kalender","status":"publish","type":"page","link":"https:\/\/u-klubi.com\/u-klubi\/index.php\/arhiiv\/voistluskalendrid-arhiiv\/2019-2020-hooaja-voistluste-kalender\/","title":{"rendered":"2019\/2020 hooaja v\u00f5istluste kalender"},"content":{"rendered":"\n<p><strong><span style=\"color: #0000ff;\">2019<\/span><\/strong><\/p>\n<p><strong>September<\/strong><\/p>\n<p><strong>28.09.<\/strong> J\u00e4rvamaa seeriav\u00f5istluse I etapp (25m), T\u00fcri, <a href=\"https:\/\/u-klubi.com\/u-klubi\/wp-content\/uploads\/2019\/09\/JSV-2019_2020-JUHEND-pdf.pdf\" target=\"_blank\" rel=\"noopener noreferrer\">juhend<\/a><\/p>\n<p><strong>Oktoober<\/strong><\/p>\n\n\n\n<p><strong>05.10.<\/strong> III Supermasters, 4. etapp, Kaliningrad, Venemaa, 25 m, <a aria-label=\"juhend (opens in a new tab)\" href=\"https:\/\/u-klubi.com\/u-klubi\/wp-content\/uploads\/2019\/08\/\u041f\u043e\u043b\u043e\u0436\u0435\u043d\u0438\u0435-\u0421\u041c-\u041a\u0430\u043b\u0438\u043d\u0438\u043d\u0433\u0440\u0430\u0434-2019-\u043e\u0444\u0438\u0446.pdf\" target=\"_blank\" rel=\"noreferrer noopener\">juhend<\/a>, <a aria-label=\"registreerimise vorm (opens in a new tab)\" href=\"https:\/\/u-klubi.com\/u-klubi\/wp-content\/uploads\/2019\/08\/\u0424\u043e\u0440\u043c\u0430-\u0437\u0430\u044f\u0432\u043a\u0438.xlsx\" target=\"_blank\" rel=\"noreferrer noopener\">registreerimise vorm<\/a><\/p>\n\n\n\n<p><strong>12.10.<\/strong> ATVASARAS RELAKS VENTSPIL\u012a 2019 (25m), Ventspils, L\u00e4ti, <a href=\"https:\/\/u-klubi.com\/u-klubi\/wp-content\/uploads\/2019\/09\/Nolikums_Ventspils2019_RU.pdf\" target=\"_blank\" rel=\"noopener noreferrer\">juhend<\/a><\/p>\n\n\n\n<p><strong data-rich-text-format-boundary=\"true\">12.-13.10<\/strong> Lux Masters Open, Luxemburg, 50 m<\/p>\n\n\n\n<p><strong>19.-20.10.<\/strong> IV K\u00fcprose rahvusvaheline meisterujumise kohtumine, K\u00fcpros,  Limassol, 50 m, <a aria-label=\"juhend (opens in a new tab)\" href=\"https:\/\/onek.org.cy\/wp-content\/uploads\/MASTERS_2019_finalInvitation.pdf\" target=\"_blank\" rel=\"noreferrer noopener\">juhend<\/a><\/p>\n\n\n\n<p><strong>25.-27.10.<\/strong> P\u00f5hjamaade lahtised MV, Vantaa, Tikkurila, Soome, 50 m, <a aria-label=\" (opens in a new tab)\" href=\"http:\/\/www.vanders.fi\/masters-pm-2019\/kilpailukutsu-competition-invitation\/\" target=\"_blank\" rel=\"noreferrer noopener\">juhend<\/a>, <a aria-label=\"programm (opens in a new tab)\" href=\"https:\/\/u-klubi.com\/u-klubi\/wp-content\/uploads\/2019\/09\/lajiohj_masterssm_50parittomat.pdf\" target=\"_blank\" rel=\"noreferrer noopener\">programm<\/a><\/p>\n\n\n\n<p><strong>26.10.<\/strong> J\u00e4rvamaa seeriav\u00f5istluse II etapp (25m), Paide, <a href=\"https:\/\/u-klubi.com\/u-klubi\/wp-content\/uploads\/2019\/09\/JSV-2019_2020-JUHEND-pdf.pdf\" target=\"_blank\" rel=\"noreferrer noopener\">juhend<\/a><\/p>\n\n\n\n<p><strong>November<\/strong><\/p>\n\n\n\n<p class=\"has-text-align-left\"><strong>02.11. <\/strong>Copenhagen Open Masters, Taani, 25 m, v\u00f5istluste <a aria-label=\"koduleht (opens in a new tab)\" href=\"http:\/\/kvikkastrup.dk\/copenhagen-open-masters\/?fbclid=IwAR2WKQnbJ8TLTDmjW6EHmdw9st1X4qUi5VyC--DX7TBCo28-tX4stU3kNnQ\" target=\"_blank\" rel=\"noreferrer noopener\">koduleht<\/a><\/p>\n\n\n\n<p><strong>09.11.<\/strong>&nbsp;XI \u201cKokneses Rudens 2019\u201d, Koknese, L\u00e4ti, 25 m, <a aria-label=\"juhend (opens in a new tab)\" href=\"http:\/\/swimming.lv\/wp-content\/uploads\/2019\/08\/2019_Nolikums_Koknese_RU.pdf\" target=\"_blank\" rel=\"noreferrer noopener\">juhend<\/a><\/p>\n\n\n\n<p><strong>17.11. <\/strong>Sloveenia lahtised meisterujumise MV, Kranj, 50 m, <a aria-label=\"juhend (opens in a new tab)\" href=\"https:\/\/u-klubi.com\/u-klubi\/wp-content\/uploads\/2019\/09\/PROPOSITIONS-OPEN-NATIONAL-SWIMMING-CHAMPIONSHIP-OF-SLOVENIA-FOR-MASTERS-AND-PARASWIMMING-ATHLETES-2019.pdf\" target=\"_blank\" rel=\"noreferrer noopener\">juhend<\/a>, <a aria-label=\"koduleht (opens in a new tab)\" href=\"https:\/\/www.pk-kranj.si\/odprto-drzavno-prvenstvo-slovenije-v-plavanju-za-veterane-in-paraplavalce-2019-open-national-swimming-championship-for-masters-and-para-swimming-athletes-people-2019\/\" target=\"_blank\" rel=\"noreferrer noopener\">koduleht<\/a> (sloveeni keeles), registreerimise TA 12.11.2019<\/p>\n\n\n\n<p><strong>22.-24.11.<\/strong>  Venemaa Karikas (25m), Saransk (RUS), v\u00f5istluste <a aria-label=\"info (opens in a new tab)\" href=\"https:\/\/swimmasters.ru\/meets\" target=\"_blank\" rel=\"noreferrer noopener\">info<\/a> <\/p>\n\n\n\n<p><strong>23.-24.11.<\/strong> Open Lithuanian Masters Swimming Championships, Leedu, Kaunas, 50 m, <a aria-label=\"juhend (opens in a new tab)\" href=\"http:\/\/www.ltuswimming.com\/images\/stories\/Veteranai\/2019\/lvc2019eng.pdf\" target=\"_blank\" rel=\"noreferrer noopener\">juhend<\/a><\/p>\n\n\n\n<p><strong>30.11.<\/strong> J\u00e4rvamaa seeriav\u00f5istluse III etapp (25m), T\u00fcri, <a href=\"https:\/\/u-klubi.com\/u-klubi\/wp-content\/uploads\/2019\/09\/JSV-2019_2020-JUHEND-pdf.pdf\" target=\"_blank\" rel=\"noreferrer noopener\">juhend<\/a><\/p>\n\n\n\n<p><strong>Detsember<\/strong><\/p>\n\n\n\n<p><strong>7.12.<\/strong> III Supermasters, 5. etapp, Tallinn, N\u00f5mme, 25 m, <a aria-label=\"juhend (opens in a new tab)\" href=\"https:\/\/u-klubi.com\/u-klubi\/wp-content\/uploads\/2019\/11\/2019_Eesti_Masters_MV_juhend.pdf\" target=\"_blank\" rel=\"noreferrer noopener\">juhend<\/a>, <a aria-label=\"invitation (opens in a new tab)\" href=\"https:\/\/u-klubi.com\/u-klubi\/wp-content\/uploads\/2019\/11\/EstMasters_Champs_2019_ENG.pdf\" target=\"_blank\" rel=\"noreferrer noopener\">invitation<\/a>, <a aria-label=\" (opens in a new tab)\" href=\"https:\/\/u-klubi.com\/u-klubi\/wp-content\/uploads\/2019\/11\/EStMasters2019_EntryForm-1.xlsx\" target=\"_blank\" rel=\"noreferrer noopener\">registration form \/ registreerimise vorm<\/a>   <\/p>\n\n\n\n<p><span style=\"color: #0000ff;\"><strong>2020<\/strong><\/span><\/p>\n\n\n\n<p><strong>Jaanuar<\/strong><\/p>\n\n\n\n<p><strong>04.01.<\/strong> Toivo Grosbergi m\u00e4lestusv\u00f5istlus, Olustvere 2020<\/p>\n\n\n\n<p><strong>11.01.<\/strong> Ujumise Gala<\/p>\n\n\n\n<p><strong>25.01.<\/strong> Sillam\u00e4e Open, Sillam\u00e4e, 25 m, <a aria-label=\"juhend (opens in a new tab)\" href=\"https:\/\/u-klubi.com\/u-klubi\/wp-content\/uploads\/2020\/01\/Sillamae-Open-2020-juhend.doc\" target=\"_blank\" rel=\"noreferrer noopener\">juhend<\/a><\/p>\n\n\n\n<p><strong>Veebruar<\/strong><\/p>\n\n\n\n<p><strong>01.02.<\/strong> Balti Supermaster, I etapp, Riia, L\u00e4ti, 25 m, <a href=\"http:\/\/swimming.lv\/wp-content\/uploads\/2019\/11\/2020_Nolikums_SuperMasters_RU.pdf\" target=\"_blank\" rel=\"noopener noreferrer\">juhend<\/a><\/p>\n\n\n\n<p><strong>15.02.<\/strong> Valtu Open, Kaerapere, 25 m<\/p>\n\n\n\n<p><strong>22.-23.02.<\/strong> Amber Cup, Riia, L\u00e4ti, v\u00f5istluste <a href=\"http:\/\/rigaambercup.lv\/\" target=\"_blank\" rel=\"noopener noreferrer\">juhend<\/a><\/p>\n\n\n\n<p><strong>M\u00e4rts<\/strong><\/p>\n\n\n\n<p><strong>14.-15.03.<\/strong> &#8220;\u0412\u0435\u0441\u0442\u0435\u0440 \u041c\u0430\u0441\u0442\u0435\u0440\u0441&#8221; sprindifestival, Kaliningrad, Venemaa, 25 m, <a href=\"https:\/\/u-klubi.com\/u-klubi\/wp-content\/uploads\/2019\/12\/\u041f\u043e\u043b\u043e\u0436\u0435\u043d\u0438\u0435-\u0412\u041c-2020-\u0441\u043a\u0430\u043d.pdf\" target=\"_blank\" rel=\"noopener noreferrer\">juhend<\/a>, <a href=\"https:\/\/u-klubi.com\/u-klubi\/wp-content\/uploads\/2019\/12\/\u0424\u043e\u0440\u043c\u0430-\u0437\u0430\u044f\u0432\u043a\u0438-\u0412\u041c-2020.xlsx\" target=\"_blank\" rel=\"noopener noreferrer\">registreerimise vorm<\/a><\/p>\n<p><strong>27.-29.03.<\/strong> Soome meisterujumise meistriv\u00f5istlused, 25 m, Kotka, Soome, <a href=\"http:\/\/www.uimaseura-aquila.fi\/fi\/tapahtumat\/mastersmestaruusuinnit2020\" target=\"_blank\" rel=\"noopener noreferrer\">v\u00f5istluste koduleht<\/a><\/p>\n\n\n\n<p><strong>28.-29.03.<\/strong> II Euraasia lahtised meisterujumise MV,&nbsp; Supermasters, Palanga, Leedu, 25 m, v\u00f5istluste <a href=\"https:\/\/2easc.icasgames.org\/competition-program\/\" target=\"_blank\" rel=\"noopener noreferrer\">koduleht<\/a><\/p>\n\n\n\n<p><strong>Aprill<\/strong><\/p>\n\n\n\n<div class=\"wp-block-group\"><div class=\"wp-block-group__inner-container is-layout-flow wp-block-group-is-layout-flow\">\n<p><strong><span style=\"color:#cf2e2e\" class=\"tadv-color\">NB! Edasi l\u00fckatud!<\/span> <\/strong> Loe <a rel=\"noreferrer noopener\" href=\"https:\/\/u-klubi.com\/u-klubi\/index.php\/2020\/03\/12\/tallinna-lahtised-meisterujumise-mv-on-edasi-lukatud\/\" target=\"_blank\">siit<\/a>  <br><span style=\"color:#cf2e2e\" class=\"tadv-color\"><strong>NB! Postponed!<\/strong> <\/span>Read <a rel=\"noreferrer noopener\" href=\"https:\/\/u-klubi.com\/u-klubi\/index.php\/2020\/03\/12\/tallinna-lahtised-meisterujumise-mv-on-edasi-lukatud\/\" target=\"_blank\">here<\/a>  <strong>4.-5.04.<\/strong> Tallinna lahtised meisterujumise MV, Tallinn, N\u00f5mme, 25 m, <a rel=\"noreferrer noopener\" aria-label=\"juhend (opens in a new tab)\" href=\"https:\/\/u-klubi.com\/u-klubi\/wp-content\/uploads\/2020\/03\/tallinn_est_2020-2-1.pdf\" target=\"_blank\">juhend<\/a>, <a rel=\"noreferrer noopener\" aria-label=\"invitation (opens in a new tab)\" href=\"https:\/\/u-klubi.com\/u-klubi\/wp-content\/uploads\/2020\/03\/tallinn_eng_2020-1.pdf\" target=\"_blank\">invitation<\/a><\/p>\n<\/div><\/div>\n\n\n\n<p><strong>Mai<\/strong> &#8211; <span style=\"color:#cf2e2e\" class=\"tadv-color\">v\u00f5istlused t\u00fchistatud<\/span><\/p>\n\n\n\n<p><strong>16.-17.05.<\/strong> T\u0161ehhi meisterujumise MV,  Plze\u0148, T\u0161ehhi<\/p>\n\n\n\n<p><strong>23.-24.05.<\/strong>  &#8220;Otr\u0101 elpa&#8221; ehk Teine hingamine, Valmiera, L\u00e4ti, 25 m<\/p>\n\n\n\n<p><strong>Juuni<\/strong><\/p>\n\n\n\n<p><strong><span style=\"color: #ff0000;\">NB! <a href=\"https:\/\/len-budapest2020.com\/masters\/2020\/05\/08\/masters-european-championships-new-dates-for-2021\/\" target=\"_blank\" rel=\"noopener noreferrer\">Edasi l\u00fckatud<\/a>! 23.-24.05.2021 avavesi ja 26.-31.05.2021 ujumine<\/span> 01.-06.06.<\/strong> XVII Euroopa meistriv\u00f5istlused meisterujumises, Budapest, Ungari, Duna Ar\u00e9na x2 \u2013 Dag\u00e1ly Beach (50 m), v\u00f5istluste <a href=\"https:\/\/len-budapest2020.com\/masters\/\" target=\"_blank\" rel=\"noopener noreferrer\">koduleht<\/a><\/p>\n\n\n\n<p><strong>August<\/strong> &#8211; <span style=\"color:#cf2e2e\" class=\"tadv-color\">UUS!<\/span><\/p>\n\n\n\n<p><strong>29.-30.08. <\/strong> &#8220;Nikolai Kr\u00f5lovi m\u00e4lestuskarikas&#8221;, lahtised meisterujumise v\u00f5istlused, Rezekne, L\u00e4ti, 25 m, <a href=\"https:\/\/u-klubi.com\/u-klubi\/wp-content\/uploads\/2020\/07\/Nolikums_Regulations_Masters_Rezekne_29-08-2020.pdf\" target=\"_blank\" rel=\"noreferrer noopener\">juhend<\/a> (en), <a href=\"https:\/\/u-klubi.com\/u-klubi\/wp-content\/uploads\/2020\/07\/Nolikums_Polozenije-sorevnovanij_Rezekne_29-08-2020.pdf\" target=\"_blank\" rel=\"noreferrer noopener\">juhend<\/a> (ru)<\/p>\n\n\n","protected":false},"excerpt":{"rendered":"<p>2019 September 28.09. J\u00e4rvamaa seeriav\u00f5istluse I etapp (25m), T\u00fcri, juhend Oktoober 05.10. III Supermasters, 4. etapp, Kaliningrad, Venemaa, 25 m, juhend, registreerimise vorm 12.10. ATVASARAS RELAKS VENTSPIL\u012a 2019 (25m), Ventspils, L\u00e4ti, juhend 12.-13.10 Lux Masters Open, Luxemburg, 50 m 19.-20.10. IV K\u00fcprose rahvusvaheline meisterujumise kohtumine, K\u00fcpros, Limassol, 50 m, juhend 25.-27.10. P\u00f5hjamaade lahtised MV, Vantaa, &hellip; <a href=\"https:\/\/u-klubi.com\/u-klubi\/index.php\/arhiiv\/voistluskalendrid-arhiiv\/2019-2020-hooaja-voistluste-kalender\/\" class=\"more-link\">Loe edasi<span class=\"screen-reader-text\"> &#8220;2019\/2020 hooaja v\u00f5istluste kalender&#8221;<\/span><\/a><\/p>\n","protected":false},"author":1,"featured_media":0,"parent":1824,"menu_order":1,"comment_status":"closed","ping_status":"closed","template":"","meta":{"_monsterinsights_skip_tracking":false,"_monsterinsights_sitenote_active":false,"_monsterinsights_sitenote_note":"","_monsterinsights_sitenote_category":0,"two_page_speed":[],"footnotes":""},"class_list":["post-1000","page","type-page","status-publish","hentry"],"_links":{"self":[{"href":"https:\/\/u-klubi.com\/u-klubi\/index.php\/wp-json\/wp\/v2\/pages\/1000","targetHints":{"allow":["GET"]}}],"collection":[{"href":"https:\/\/u-klubi.com\/u-klubi\/index.php\/wp-json\/wp\/v2\/pages"}],"about":[{"href":"https:\/\/u-klubi.com\/u-klubi\/index.php\/wp-json\/wp\/v2\/types\/page"}],"author":[{"embeddable":true,"href":"https:\/\/u-klubi.com\/u-klubi\/index.php\/wp-json\/wp\/v2\/users\/1"}],"replies":[{"embeddable":true,"href":"https:\/\/u-klubi.com\/u-klubi\/index.php\/wp-json\/wp\/v2\/comments?post=1000"}],"version-history":[{"count":32,"href":"https:\/\/u-klubi.com\/u-klubi\/index.php\/wp-json\/wp\/v2\/pages\/1000\/revisions"}],"predecessor-version":[{"id":1278,"href":"https:\/\/u-klubi.com\/u-klubi\/index.php\/wp-json\/wp\/v2\/pages\/1000\/revisions\/1278"}],"up":[{"embeddable":true,"href":"https:\/\/u-klubi.com\/u-klubi\/index.php\/wp-json\/wp\/v2\/pages\/1824"}],"wp:attachment":[{"href":"https:\/\/u-klubi.com\/u-klubi\/index.php\/wp-json\/wp\/v2\/media?parent=1000"}],"curies":[{"name":"wp","href":"https:\/\/api.w.org\/{rel}","templated":true}]}}