{"id":150,"date":"2017-09-05T18:22:16","date_gmt":"2017-09-05T16:22:16","guid":{"rendered":"http:\/\/u-klubi.com\/u-klubi\/?page_id=150"},"modified":"2025-02-03T17:08:58","modified_gmt":"2025-02-03T15:08:58","slug":"pohikiri","status":"publish","type":"page","link":"https:\/\/u-klubi.com\/u-klubi\/index.php\/meist\/pohikiri\/","title":{"rendered":"P\u00f5hikiri"},"content":{"rendered":"<p>Meisterujumise U-Klubi<br \/>\nP\u00d5HIKIRI<\/p>\n<p>I \u00dclds\u00e4tted<br \/>\n1.1\u00a0 Meisterujumise U-Klubi (edaspidi Klubi) on mittetulundus\u00fching,\u00a0 mis \u00fchendab vabatahtlikkuse alusel spordi ja kehakultuuriga tegeleda soovivaid isikuid.<br \/>\n1.2\u00a0 Klubi asukoht on Eesti Vabariik, Tallinn.<br \/>\n1.3\u00a0 Klubi \u00fchendab vabatahtlikkuse alusel spordi ja kehakultuuriga tegeleda soovivaid isikuid.<br \/>\n1.4\u00a0 Klubi on juriidiline isik, mis juhindub oma tegevuses Eesti Vabariigi p\u00f5hiseadusest, mittetulundus\u00fchingute seadusest, k\u00e4esolevast p\u00f5hikirjast ja teistest Eesti Vabariigi seadustest.<\/p>\n<p>II Tegevuse eesm\u00e4rk<br \/>\n2.1 Klubi eesm\u00e4rk on ujumise propageerimine ja harrastajate \u00fchendamine, tervise tugevdamine ja tervislike eluviiside propageerimine.<br \/>\n2.2 Oma \u00fclesannete realiseerimiseks klubi arendab allj\u00e4rgnevat tegevust:<br \/>\n\u00b7\u00a0\u00a0\u00a0\u00a0\u00a0\u00a0\u00a0\u00a0 sporditreeningute korraldamine;<br \/>\n\u00b7\u00a0\u00a0\u00a0\u00a0\u00a0\u00a0\u00a0\u00a0 v\u00f5istluste ja \u00fcrituste korraldamine;<br \/>\n\u00b7\u00a0\u00a0\u00a0\u00a0\u00a0\u00a0\u00a0\u00a0 treeninglaagrite, seminaride ja kursuste korraldamine.<\/p>\n<p>III Klubi liikmed, liikmeks vastuv\u00f5tmine<br \/>\n3.1 Klubi liikmeks v\u00f5ib olla iga teov\u00f5imeline f\u00fc\u00fcsiline v\u00f5i juriidiline isik, kes vastab klubi p\u00f5hikirjalistele n\u00f5uetele ja on avaldanud soovi klubisse astuda.<br \/>\n3.2 Klubi liikmeks vastuv\u00f5tmine toimub liikmeks astuja kirjaliku avalduse alusel.<br \/>\nAvalduse vaatab l\u00e4bi ja otsustab juhatus.<br \/>\nAvaldus klubi liikmeks astumise kohta vaadatakse l\u00e4bi \u00fche kuu jooksul avalduse esitamise p\u00e4evast arvates.<br \/>\n3.3. Liikmelisus Klubis ja liikme\u00f5iguste teostamist ei saa \u00fcle anda ega p\u00e4randada, kui seaduses ei ole ette n\u00e4htud teisiti.<br \/>\nF\u00fc\u00fcsilise isiku surmaga v\u00f5i juriidilisest isikust liikme l\u00f5ppemise korral tema liikmelisus Klubis l\u00f5peb.<br \/>\n3.4 Juhatus v\u00f5ib liikmeks vastuv\u00f5tmisest keelduda, kui:<br \/>\n\u00b7\u00a0\u00a0\u00a0\u00a0\u00a0\u00a0\u00a0\u00a0 Klubi ei suuda teenindada olemasolevast suuremat liikmete arvu;<br \/>\n\u00b7\u00a0\u00a0\u00a0\u00a0\u00a0\u00a0\u00a0\u00a0 liikmeks vastuv\u00f5tmine on vastuolus p\u00f5hikirjas s\u00e4testatuga;<br \/>\n\u00b7\u00a0\u00a0\u00a0\u00a0\u00a0\u00a0\u00a0\u00a0 isik on samast Klubist v\u00e4lja arvatud, kuna ei t\u00e4ida Klubi liikme kohustusi v\u00f5i teeb seda mitten\u00f5uetekohaselt.<br \/>\n3.5 Klubi juhatus peab oma liikmete arvestust.<\/p>\n<p>IV Klubist v\u00e4ljaastumine ja v\u00e4ljaarvamine<br \/>\n4.1 Liikme klubist v\u00e4ljaastumine toimub kirjaliku avalduse alusel.<br \/>\n4.2 Liikme klubist v\u00e4ljaarvamise otsuse teeb Klubi juhatus.<br \/>\n4.3 Liige arvatakse v\u00e4lja:<br \/>\n4.3.1 f\u00fc\u00fcsiline isik tema surma puhul;<br \/>\n4.3.2 juriidiline isik tema l\u00f5ppemise korral;<br \/>\n4.3.3 kui liige ei t\u00e4ida v\u00f5i t\u00e4idab liikmekohustusi mitten\u00f5uetekohaselt v\u00f5i kui tema tegevus ei vasta p\u00f5hikirjale.<br \/>\n4.3.4 liikmemaksu v\u00f5i sisseastumismaksu mittetasumisel kindlaksm\u00e4\u00e4ratud korras.<\/p>\n<p>V Liikme \u00f5igused<br \/>\n5.1 V\u00f5tta osa \u00fcldkoosolekust ja teistest Klubipoolt korraldatavatest \u00fcritustest isiklikult v\u00f5i esindaja kaudu.<br \/>\n5.2Valida ja olla valitud Klubi juhtumis- ja kontrollorganitesse.<br \/>\n5.3 Kasutada kehtestatud korra kohaselt Klubi k\u00e4sutuses olevaid baase ja inventari.<br \/>\n5.4 Teha arup\u00e4rimisi ja esitada ettepanekuid Klubi tegevuse kohta.<br \/>\n5.5 V\u00f5tta osa Klubi \u00fcritustest ja kasutada Klubi poolt tehtavaid soodustusi.<br \/>\n5.6 Lahkuda Klubist omal soovil.<\/p>\n<p>VI Liikme kohustused<br \/>\n6.1 T\u00e4ita Klubi p\u00f5hikirjast tulenevaid kohustusi ning Klubi juhtumis- ja kontrollorganite otsuseid.<br \/>\n6.2 Kasutada Klubi ruume, rajatisi s\u00e4\u00e4stlikult ning heakorra, tuleohutuse ja sanitaareeskirjade kohaselt.<br \/>\n6.3 V\u00f5tma aktiivselt osa Klubi tegevusest.<br \/>\n6.4 \u00d5igeaegselt tasuma sisseastumis- ja liikmemakseid Klubi \u00fcldkoosoleku (juhatuse) poolt kehtestatud korras, suuruses ja t\u00e4htajal.<\/p>\n<p>VII Klubi vara<br \/>\n7.1 Klubi vara on:<br \/>\n7.1.1 Klubi liikmete poolt makstud sisseastumis- ning liikmemaks, mille suurus kehtestatakse Klubi \u00fcldkoosoleku poolt;<br \/>\n7.1.2 annetused v\u00f5i muu vara, mis on saadud seadusandlusega lubatud alustel ning on vajalik Klubi p\u00f5hikirjalise tegevuse arendamiseks;<br \/>\n7.1.3 tulud tasuliste kultuuri- ja spordi\u00fcrituste korraldamisest;<br \/>\n7.1.4 Klubi v\u00e4ljaannete kirjastamisest ja levitamisest.<br \/>\n7.2 Klubi vastutab kohustiste eest kogu oma varaga. Klubi ei vastuta oma liikmete kohustuste eest. Liikmed ei vastuta Klubi kohustuste eest.<br \/>\n7.3 Isikul, kelle liikmelisus Klubis on l\u00f5ppenud, ei ole \u00f5igust Klubi varale.<br \/>\n7.4 Klubi liikme surma korral l\u00e4hevad tema varalised \u00f5igused ja kohustused \u00fcle tema p\u00e4rijale, kellel on \u00f5igus saada Klubi liikmeks, kui ta vastab Klubi p\u00f5hikirjas esitatavatele n\u00f5uetele ja esitab kirjaliku avalduse \u00fche aasta jooksul. Avaldus vaadatakse l\u00e4bi koos endise Klubi liikme v\u00e4ljaarvamisega.<br \/>\n7.5 Klubi liikmemaks on rahaline, liige on kohustatud tasuma maksu \u00fcldkoosoleku poolt etten\u00e4htud ajal, suuruses ja korras.<\/p>\n<p>VIII Klubi juhtimine<br \/>\n8.1 Klubi juhtorganid on liikmete \u00fcldkoosolek ja juhatus.<br \/>\n\u00dcldkoosoleku p\u00e4devusse kuulub:<br \/>\n8.1.1 Klubi asutamine ja l\u00f5petamine;<br \/>\n8.1.2 Klubi p\u00f5hikirja kinnitamine ja muutmine;<br \/>\n8.1.3 majandusaasta aruande ja eelarve kinnitamine;<br \/>\n8.1.4 revisjonikomisjoni aruande kinnitamine jt seadusega etten\u00e4htud tegevused.<br \/>\n8.2 Klubi \u00fcldkoosolek on otsustusv\u00f5imeline, kui kohal on \u00fcle poole Klubi liikmetest.<br \/>\n8.3 Igal Klubi liikmel on \u00fcks h\u00e4\u00e4l.<br \/>\n8.4 \u00dcldkoosoleku otsused p\u00f5hikirja muutmise k\u00fcsimuses vajavad 2\/3 kohalolnud liikmete poolth\u00e4\u00e4li, muudes k\u00fcsimustes \u00fcle poole kohalolnud liikmete h\u00e4\u00e4ltest.<br \/>\n8.5 Klubi korralise koosoleku kutsub kokku juhatus v\u00e4hemalt \u00fcks kord aastas.<br \/>\n8.6 Klubil on juhatus, mis juhib ja esindab Klubi igap\u00e4evases tegevuses. Juhatus on \u00fche (1) kuni kolme (3) liikmeline ja on valitud \u00fcldkoosoleku poolt kolmeks aastaks.<br \/>\n8.7 Juhatuse liiget v\u00f5ib liikme m\u00e4\u00e4ranud organi otsusega igal ajal, s\u00f5ltumata p\u00f5hjusest, tagasi kutsuda, kusjuures temaga s\u00f5lmitud lepingust tulenevad \u00f5igused ja kohustused l\u00f5pevad vastavalt lepingule.<br \/>\n8.8 Juhatus v\u00f5ib vastu v\u00f5tta otsuseid, kui tema koosolekul osaleb \u00fcle poole juhatuse liikmetest.<br \/>\n8.9 Juhatuse otsuse vastuv\u00f5tmiseks on n\u00f5utav juhatuse koosolekul osalenud juhatuse liikmete poolth\u00e4\u00e4lteenamus.<\/p>\n<p>IX Teadete avalikustamine<br \/>\n9.1 Klubi teated oma liikmetele avalikustatakse \u00fcldkoosolekul.<br \/>\n9.2 Teadete avalikustamise kord m\u00e4\u00e4ratakse kindlaks juhatuse ettepanekul \u00fcldkoosoleku poolt.<br \/>\nX Klubi l\u00f5petamine<br \/>\n10.1 Klubi l\u00f5petatakse:<br \/>\n\u00b7\u00a0\u00a0\u00a0\u00a0\u00a0\u00a0\u00a0\u00a0 \u00fcldkoosoleku otsusega;<br \/>\n\u00b7\u00a0\u00a0\u00a0\u00a0\u00a0\u00a0\u00a0\u00a0 liikmete arvu v\u00e4henemisel alla kahe;<br \/>\n\u00b7\u00a0\u00a0\u00a0\u00a0\u00a0\u00a0\u00a0\u00a0 Klubi pankrotistumisel;<br \/>\n\u00b7\u00a0\u00a0\u00a0\u00a0\u00a0\u00a0\u00a0\u00a0 muul seaduse etten\u00e4htud alusel.<br \/>\n10.2 Klubi l\u00f5petamise otsus on \u00fcldkoosoleku poolt vastu v\u00f5etud, kui selle poolt on h\u00e4\u00e4letanud \u00fcle 2\/3 \u00fcldkoosolekul osalenud v\u00f5i esindatud liikmetest.<br \/>\n10.3 Klubi l\u00f5petamisel toimub selle likvideerimine. Kui l\u00f5petamise otsuse on teinud \u00fcldkoosolek, on likvideerijateks juhatuse liikmed, sundl\u00f5petamise v\u00f5i pankroti korral kohtuotsusega.<br \/>\n10.4 Likvideerijad l\u00f5petavad Klubi tegevuse, n\u00f5uavad sisse v\u00f5lad, m\u00fc\u00fcvad vara, rahuldavad v\u00f5lausaldajate n\u00f5uded ja jaotavad p\u00e4rast v\u00f5lausaldajate n\u00f5uete rahuldamist allesj\u00e4\u00e4nud vara v\u00f5rdsetes osades Klubi l\u00f5petamise ajal selle liikmeks olnud isikute vahel.<\/p>\n<p>P\u00f5hikiri on vastu v\u00f5etud ja kinnitatud Meisterujumise U-Klubi asutamiskoosoleku poolt Tallinnas, 10.\u00a0detsembril\u00a01999.\u00a0a.<\/p>\n","protected":false},"excerpt":{"rendered":"<p>Meisterujumise U-Klubi P\u00d5HIKIRI I \u00dclds\u00e4tted 1.1\u00a0 Meisterujumise U-Klubi (edaspidi Klubi) on mittetulundus\u00fching,\u00a0 mis \u00fchendab vabatahtlikkuse alusel spordi ja kehakultuuriga tegeleda soovivaid isikuid. 1.2\u00a0 Klubi asukoht on Eesti Vabariik, Tallinn. 1.3\u00a0 Klubi \u00fchendab vabatahtlikkuse alusel spordi ja kehakultuuriga tegeleda soovivaid isikuid. 1.4\u00a0 Klubi on juriidiline isik, mis juhindub oma tegevuses Eesti Vabariigi p\u00f5hiseadusest, mittetulundus\u00fchingute seadusest, k\u00e4esolevast &hellip; <a href=\"https:\/\/u-klubi.com\/u-klubi\/index.php\/meist\/pohikiri\/\" class=\"more-link\">Loe edasi<span class=\"screen-reader-text\"> &#8220;P\u00f5hikiri&#8221;<\/span><\/a><\/p>\n","protected":false},"author":1,"featured_media":0,"parent":92,"menu_order":4,"comment_status":"closed","ping_status":"closed","template":"","meta":{"_monsterinsights_skip_tracking":false,"_monsterinsights_sitenote_active":false,"_monsterinsights_sitenote_note":"","_monsterinsights_sitenote_category":0,"two_page_speed":[],"footnotes":""},"class_list":["post-150","page","type-page","status-publish","hentry"],"_links":{"self":[{"href":"https:\/\/u-klubi.com\/u-klubi\/index.php\/wp-json\/wp\/v2\/pages\/150","targetHints":{"allow":["GET"]}}],"collection":[{"href":"https:\/\/u-klubi.com\/u-klubi\/index.php\/wp-json\/wp\/v2\/pages"}],"about":[{"href":"https:\/\/u-klubi.com\/u-klubi\/index.php\/wp-json\/wp\/v2\/types\/page"}],"author":[{"embeddable":true,"href":"https:\/\/u-klubi.com\/u-klubi\/index.php\/wp-json\/wp\/v2\/users\/1"}],"replies":[{"embeddable":true,"href":"https:\/\/u-klubi.com\/u-klubi\/index.php\/wp-json\/wp\/v2\/comments?post=150"}],"version-history":[{"count":5,"href":"https:\/\/u-klubi.com\/u-klubi\/index.php\/wp-json\/wp\/v2\/pages\/150\/revisions"}],"predecessor-version":[{"id":2584,"href":"https:\/\/u-klubi.com\/u-klubi\/index.php\/wp-json\/wp\/v2\/pages\/150\/revisions\/2584"}],"up":[{"embeddable":true,"href":"https:\/\/u-klubi.com\/u-klubi\/index.php\/wp-json\/wp\/v2\/pages\/92"}],"wp:attachment":[{"href":"https:\/\/u-klubi.com\/u-klubi\/index.php\/wp-json\/wp\/v2\/media?parent=150"}],"curies":[{"name":"wp","href":"https:\/\/api.w.org\/{rel}","templated":true}]}}