{"id":1592,"date":"2021-04-06T17:49:44","date_gmt":"2021-04-06T15:49:44","guid":{"rendered":"http:\/\/u-klubi.com\/u-klubi\/?page_id=1592"},"modified":"2021-04-07T18:10:21","modified_gmt":"2021-04-07T16:10:21","slug":"tulemused-2014","status":"publish","type":"page","link":"https:\/\/u-klubi.com\/u-klubi\/index.php\/arhiiv\/tulemused-arhiiv\/tulemused-2014\/","title":{"rendered":"Tulemused 2014"},"content":{"rendered":"\n<p><strong>Sillam\u00e4e Open 2014<\/strong>, 25.01.2014, Sillam\u00e4e, 25 m, <a href=\"https:\/\/u-klubi.com\/u-klubi\/wp-content\/uploads\/2021\/04\/Sillamae-Open-2014-protokol_records-2.pdf\" target=\"_blank\" rel=\"noopener\">tulemused<\/a><\/p>\n<p><strong>Valtu Open 2014<\/strong>, 08.02.2014, Kaerapere, 25 m, <a href=\"https:\/\/u-klubi.com\/u-klubi\/wp-content\/uploads\/2021\/04\/140208_valtu.pdf\" target=\"_blank\" rel=\"noopener\">tulemused<\/a><\/p>\n<p><strong>XXXI Tallinna lahtised meisterujumise MV<\/strong>, 05.-06.04.2014, N\u00f5mme, Tallinn,25 m, <a href=\"https:\/\/u-klubi.com\/u-klubi\/wp-content\/uploads\/2021\/04\/TallinnOpenresults_2014.pdf\" target=\"_blank\" rel=\"noopener\">tulemused<\/a>, <a href=\"https:\/\/u-klubi.com\/u-klubi\/wp-content\/uploads\/2021\/04\/Tallinn2014_TOPpoints_new.pdf\" target=\"_blank\" rel=\"noopener\">2-ala-parimad<\/a>,\u00a0<\/p>\n<p><strong>6th Baltic Amber Open Masters Swimming Cup 2014<\/strong>, 02.-03.05.2014, Riia, L\u00e4ti, 25 m, <a href=\"https:\/\/u-klubi.com\/u-klubi\/wp-content\/uploads\/2021\/04\/Baltic_cup_2014_VIBAC_Results.pdf\" target=\"_blank\" rel=\"noopener\">tulemused<\/a><\/p>\n<p><strong>Teine hingamine e Otra Elpa<\/strong>, 4.-25.05.2014, Valmiera, L\u00e4ti, 25 m, <a href=\"https:\/\/u-klubi.com\/u-klubi\/wp-content\/uploads\/2021\/04\/Otra_elpa_2014_rez.xlsx\" target=\"_blank\" rel=\"noopener\">tulemused<\/a><\/p>\n<p><strong>P\u00f5hjamaade meisterujumise MV<\/strong>, 03.-04.10.2014, Pori, Soome, 25 m, <a href=\"http:\/\/livetiming.se\/results.php?cid=1981&amp;session=0&amp;all=1\" target=\"_blank\" rel=\"noopener\">tulemused<\/a><\/p>\n<p><strong>XV Tveri oblasti lahtised meisterujumise MV<\/strong>, 18.-19.10.2014, Tver, Venemaa, 25 m, <a href=\"https:\/\/u-klubi.com\/u-klubi\/wp-content\/uploads\/2021\/04\/tver-2014_results.pdf\" target=\"_blank\" rel=\"noopener\">tulemused<\/a><\/p>\n<p><strong>Kokneses Rudens<\/strong>, 08.11.2014, Koknese, L\u00e4ti, 25 m, <a href=\"https:\/\/u-klubi.com\/u-klubi\/wp-content\/uploads\/2021\/04\/Kokneses-Rudens-2014_VIKR_Results.pdf\" target=\"_blank\" rel=\"noopener\">tulemused<\/a>, <a href=\"https:\/\/u-klubi.com\/u-klubi\/wp-content\/uploads\/2021\/04\/VIKokneses_rudens_2014_TOP10.pdf\" target=\"_blank\" rel=\"noopener\">2-ala-parimad<\/a><\/p>\n<p><strong>XXI Venemaa lahtised meisterujumise karikav\u00f5istlused<\/strong>, 28.-30.11.2014, Peterburi, Venemaa, 25 m, <a href=\"https:\/\/u-klubi.com\/u-klubi\/wp-content\/uploads\/2021\/04\/kubok-2014_results.pdf\" target=\"_blank\" rel=\"noopener\">tulemused<\/a><\/p>\n<p><strong>Supermasters \/ Eesti meisterujumise MV<\/strong>, 13.12.2014, \u00d5ism\u00e4e, Tallinn, 25 m, <a href=\"https:\/\/u-klubi.com\/u-klubi\/wp-content\/uploads\/2021\/04\/estmasters2014_veebi.xlsx\" target=\"_blank\" rel=\"noopener\">tulemused<\/a><\/p>\n<p>\u00a0<\/p>\n","protected":false},"excerpt":{"rendered":"<p>Sillam\u00e4e Open 2014, 25.01.2014, Sillam\u00e4e, 25 m, tulemused Valtu Open 2014, 08.02.2014, Kaerapere, 25 m, tulemused XXXI Tallinna lahtised meisterujumise MV, 05.-06.04.2014, N\u00f5mme, Tallinn,25 m, tulemused, 2-ala-parimad,\u00a0 6th Baltic Amber Open Masters Swimming Cup 2014, 02.-03.05.2014, Riia, L\u00e4ti, 25 m, tulemused Teine hingamine e Otra Elpa, 4.-25.05.2014, Valmiera, L\u00e4ti, 25 m, tulemused P\u00f5hjamaade meisterujumise MV, &hellip; <a href=\"https:\/\/u-klubi.com\/u-klubi\/index.php\/arhiiv\/tulemused-arhiiv\/tulemused-2014\/\" class=\"more-link\">Loe edasi<span class=\"screen-reader-text\"> &#8220;Tulemused 2014&#8221;<\/span><\/a><\/p>\n","protected":false},"author":1,"featured_media":0,"parent":1530,"menu_order":0,"comment_status":"closed","ping_status":"closed","template":"","meta":{"_monsterinsights_skip_tracking":false,"_monsterinsights_sitenote_active":false,"_monsterinsights_sitenote_note":"","_monsterinsights_sitenote_category":0,"two_page_speed":[],"footnotes":""},"class_list":["post-1592","page","type-page","status-publish","hentry"],"_links":{"self":[{"href":"https:\/\/u-klubi.com\/u-klubi\/index.php\/wp-json\/wp\/v2\/pages\/1592","targetHints":{"allow":["GET"]}}],"collection":[{"href":"https:\/\/u-klubi.com\/u-klubi\/index.php\/wp-json\/wp\/v2\/pages"}],"about":[{"href":"https:\/\/u-klubi.com\/u-klubi\/index.php\/wp-json\/wp\/v2\/types\/page"}],"author":[{"embeddable":true,"href":"https:\/\/u-klubi.com\/u-klubi\/index.php\/wp-json\/wp\/v2\/users\/1"}],"replies":[{"embeddable":true,"href":"https:\/\/u-klubi.com\/u-klubi\/index.php\/wp-json\/wp\/v2\/comments?post=1592"}],"version-history":[{"count":3,"href":"https:\/\/u-klubi.com\/u-klubi\/index.php\/wp-json\/wp\/v2\/pages\/1592\/revisions"}],"predecessor-version":[{"id":1611,"href":"https:\/\/u-klubi.com\/u-klubi\/index.php\/wp-json\/wp\/v2\/pages\/1592\/revisions\/1611"}],"up":[{"embeddable":true,"href":"https:\/\/u-klubi.com\/u-klubi\/index.php\/wp-json\/wp\/v2\/pages\/1530"}],"wp:attachment":[{"href":"https:\/\/u-klubi.com\/u-klubi\/index.php\/wp-json\/wp\/v2\/media?parent=1592"}],"curies":[{"name":"wp","href":"https:\/\/api.w.org\/{rel}","templated":true}]}}