{"id":2192,"date":"2023-08-22T19:30:11","date_gmt":"2023-08-22T17:30:11","guid":{"rendered":"https:\/\/u-klubi.com\/u-klubi\/?page_id=2192"},"modified":"2024-11-14T19:58:55","modified_gmt":"2024-11-14T17:58:55","slug":"2024-mastersite-voistluskalender","status":"publish","type":"page","link":"https:\/\/u-klubi.com\/u-klubi\/index.php\/voistluskalender\/2024-mastersite-voistluskalender\/","title":{"rendered":"2024 mastersite v\u00f5istluskalender"},"content":{"rendered":"\n<p><strong>JAANUAR<\/strong><\/p>\n<p><strong>13.01.<\/strong> T. Grosbergi m\u00e4lestusv\u00f5istlused \/ Sakalamaa Angerjas, Suure-Jaani, 25 m, <a href=\"http:\/\/sport.karksi.ee\/uploads\/1\/1\/0\/1\/11017510\/toivo_grosbergi_ujumisv_juhend_2024.pdf?fbclid=IwAR2cGtO74tfSXs1MM0SuitgGFLTEELEn2VrwG0E8P-dbqYMmlckZcVytzaE\" target=\"_blank\" rel=\"noopener\">juhend<\/a><\/p>\n<p><strong>20.-21.01.<\/strong> Damini 1st International Open Tournament, Sofia, Bulgaaria, <a href=\"https:\/\/daminiopen.com\" target=\"_blank\" rel=\"noopener\">juhend<\/a><\/p>\n<p><strong>27.01.<\/strong> Sillam\u00e4e Open, Sillam\u00e4e, 25 m, <a href=\"https:\/\/u-klubi.com\/u-klubi\/wp-content\/uploads\/2024\/01\/Sillamae-Open-2024-juhend.pdf\" target=\"_blank\" rel=\"noopener\">juhend<\/a><\/p>\n<p><strong>VEEBRUAR<\/strong><\/p>\n<p><strong>10.02.<\/strong> Valtu Open 2024, Kaerapere, 25 m, <a href=\"https:\/\/u-klubi.com\/u-klubi\/wp-content\/uploads\/2024\/01\/ValtuOpen2024_juhend.pdf\" target=\"_blank\" rel=\"noopener\">juhend<\/a><\/p>\n<p><strong>23.02.-03.03.<\/strong> FINA World Masters Championships 2024, Doha (QA), (<a href=\"https:\/\/www.worldaquatics.com\/competitions\/3328\/world-aquatics-masters-championships-doha-2024\" target=\"_blank\" rel=\"noopener\">koduleht<\/a>, <a href=\"https:\/\/resources.fina.org\/fina\/document\/2023\/09\/21\/356e389f-ee14-4e42-8f8c-04474301cede\/World-Aquatics-Masters-Championships_Information-Bulletin_Doha_2024_QATAR.pdf?fbclid=IwAR2xrw2ZKPHG-O7KFKoNo6wcaq4EDQcGfPpm7EYa5OsfzZmrQhcJ7a2n7EM\" target=\"_blank\" rel=\"noopener\">b\u00fcllet\u00e4\u00e4n<\/a>), <span style=\"color: #ff0000;\">registreerimine on avatud kuni 16.01.2024! <\/span>\u00a0<a href=\"https:\/\/registration.worldaquatics.com\/account\/signin?ReturnUrl=%2F\" target=\"_blank\" rel=\"noopener\">https:\/\/registration.worldaquatics.com\/account\/signin?ReturnUrl=%2F<\/a><\/p>\n<p><strong>M\u00c4RTS<\/strong><\/p>\n<p><strong>02.03.<\/strong> Scania Open Masters 2024, Lund, Rootsi, <a href=\"https:\/\/www.livetiming.se\/file_archive\/7955\/Masters_DM_Inbjudan_2024_1.pdf\" target=\"_blank\" rel=\"noopener\">juhend<\/a> (rootsi keeles)<\/p>\n<p><strong>09.-10.03.<\/strong> Amber Cup 2024, Riia, L\u00e4ti, 25 m, <a href=\"https:\/\/www.facebook.com\/events\/307665991619474\" target=\"_blank\" rel=\"noopener\">FB<\/a>, <a href=\"https:\/\/u-klubi.com\/u-klubi\/wp-content\/uploads\/2024\/01\/Nolikums_AMBER_2024_EN.pdf\" target=\"_blank\" rel=\"noopener\">juhend<\/a><\/p>\n<p><strong>09.-10.03.<\/strong> Taani lahtised mastersujumise MV, Esbjerg, Taani, 25 m, <a href=\"https:\/\/xn--svmmetider-1cb.dk\/filer\/staevner\/11001\/uploads\/Invitation%20Danske%20Open%20Masters%20kortbane%202024.pdf\" target=\"_blank\" rel=\"noopener\">juhend<\/a> (taani keeles)<\/p>\n<p><strong>22.-24.03.<\/strong> Soome mastersujumise MV, Salo, Soome, 25 m, <a href=\"https:\/\/www.uimaliitto.fi\/site\/assets\/files\/26635\/kutsu_mastersmestaruus2024_salo.pdf\" target=\"_blank\" rel=\"noopener\">juhend<\/a><\/p>\n<p><strong>22.-24.03.<\/strong> Rootsi mastersujumise MV, Eskilstuna, Rootsi, 25 m, <a href=\"https:\/\/svensksimidrott.se\/download\/18.50cdad6f18c8ae5d9f72c80c\/1703278076012\/Inbjudan%20Masters-SM%202024.pdf\" target=\"_blank\" rel=\"noopener\">juhend<\/a><\/p>\n<p><strong>APRILL<\/strong>\u00a0<\/p>\n<p><strong>06.-07.04.<\/strong> Mallorca Open Masters 2024, Palma de Mallorca, <a href=\"https:\/\/mallorcaopenmasters.es\/en\/\" target=\"_blank\" rel=\"noopener\">juhend<\/a>\u00a0<\/p>\n<p><strong>13.-14.04.<\/strong> Tallinna lahtised mastersujumise MV, N\u00f5mme, 25 m, <a href=\"https:\/\/u-klubi.com\/u-klubi\/wp-content\/uploads\/2024\/03\/tallinn_est_2024.pdf\" target=\"_blank\" rel=\"noopener\">juhend<\/a>, <a href=\"https:\/\/u-klubi.com\/u-klubi\/wp-content\/uploads\/2024\/03\/tallinn_eng_2024.pdf\" target=\"_blank\" rel=\"noopener\">invitation<\/a><\/p>\n<p><strong>26.-28.04.<\/strong> Norra lahtised mastersujumise MV 2024, Narvik, Norra, <a href=\"https:\/\/www.facebook.com\/events\/3633875293524964\/?ref=newsfeed\" target=\"_blank\" rel=\"noopener\">FB<\/a>, <a href=\"https:\/\/www.mastersnews.dk\/InvitationNorskeMastersEngelsk-2024-v3.pdf\" target=\"_blank\" rel=\"noopener\">juhend<\/a><\/p>\n<p><strong>MAI<\/strong><\/p>\n<p><strong>04.-05.05.<\/strong> L\u00e4ti lahtised mastersujumise MV, Riia, L\u00e4ti, 50 m, <a href=\"https:\/\/www.facebook.com\/events\/1026389755105324\" target=\"_blank\" rel=\"noopener\">FB<\/a>, <a href=\"https:\/\/u-klubi.com\/u-klubi\/wp-content\/uploads\/2024\/04\/LC-vecmeistariem_en_MT_2024.pdf\" target=\"_blank\" rel=\"noopener\">juhend<\/a><\/p>\n<p><strong>08.-12.05.<\/strong> Tunesian Open Masters 2024, <a href=\"https:\/\/www.facebook.com\/tunisianopenmastersofficielle\" target=\"_blank\" rel=\"noopener\">FB<\/a>\u00a0<\/p>\n<p><strong>11.-12.05. <\/strong>Leedu lahtised mastersujumise MV, Kaunas, Leedu 50 m, <a href=\"https:\/\/u-klubi.com\/u-klubi\/wp-content\/uploads\/2024\/04\/LC-MASTERS-2024-NUOSTATAI.pdf\" target=\"_blank\" rel=\"noopener\">juhend<\/a><\/p>\n<p><strong>19.05.<\/strong> Taani mastersujumise meistriv\u00f5istlused, 50 m, <a href=\"https:\/\/www.facebook.com\/groups\/37780503596\/permalink\/10160104325383597\" target=\"_blank\" rel=\"noopener\">FB<\/a>, <a href=\"https:\/\/xn--svmmetider-1cb.dk\/filer\/staevner\/11002\/uploads\/Invitation%20Danske%20Open%20Masters%20langbane%202024.pdf?fbclid=IwAR3XKNQmUeVINmBU5TU0dyq0CutrBaO2pkdtEHCmB7SwR8L8NYbXhKYEL3Y\" target=\"_blank\" rel=\"noopener\">juhend<\/a> (taani keeles)<\/p>\n<p><strong>25.05<\/strong>. XIX Rostock Masters Sprint Cup 2024, Rostock, Saksamaa, <a href=\"https:\/\/www.facebook.com\/events\/2552326984935211\/?ref=newsfeed\" target=\"_blank\" rel=\"noopener\">FB<\/a><\/p>\n<p><strong>JUUNI-JUULI<\/strong><\/p>\n<p><strong>01.-02.06.<\/strong> &#8220;Otra Elpa&#8221; ehk\u00a0 Teine hingamine, Valmiera, L\u00e4ti, 25 m, <a href=\"https:\/\/u-klubi.com\/u-klubi\/wp-content\/uploads\/2024\/04\/Nolikums_otra.elpa2024_Eng.pdf\" target=\"_blank\" rel=\"noopener\">juhend<\/a><\/p>\n<p><strong>08.06.<\/strong> Eesti mastersujumise MV, Tartu, Eesti, 50 m, <a href=\"https:\/\/u-klubi.com\/u-klubi\/wp-content\/uploads\/2024\/05\/2024_Eesti_LC_Masters-MV_juhend_FINAL.pdf\" target=\"_blank\" rel=\"noopener\">juhend<\/a>, <a href=\"https:\/\/u-klubi.com\/u-klubi\/wp-content\/uploads\/2024\/05\/2024_Eesti_LC_Masters-MV_juhend_ENG.pdf\" target=\"_blank\" rel=\"noopener\">invitation<\/a><\/p>\n<p><strong>25.06.-05.07.<\/strong> Mastersujumise Euroopa MV, Belgrad, Serbia, 50 m, <a href=\"https:\/\/www.len.eu\/registration-opens-for-european-aquatics-masters-championships-belgrade-2024\/\" target=\"_blank\" rel=\"noopener\">info<\/a>, <a href=\"https:\/\/www.len.eu\/wp-content\/uploads\/2024\/03\/Information-bulletin-1-European-Aquatics-Masters-Championships-Belgrade-2024.pdf\" target=\"_blank\" rel=\"noopener\">b\u00fcllet\u00e4\u00e4n<\/a>, esmane <a href=\"https:\/\/masters.belgrade2024.org\" target=\"_blank\" rel=\"noopener\">registreerimine<\/a> hotelliga\u00a0<\/p>\n<p><strong>OKTOOBER<\/strong><\/p>\n<p><strong>11.-12.10.<\/strong> P\u00f5hjamaade mastersujumise MV, Malm\u00f6, Rootsi, 25 m, <a href=\"https:\/\/u-klubi.com\/u-klubi\/wp-content\/uploads\/2024\/09\/Invitation_Nordiska_Masters_eng_2024.pdf\" target=\"_blank\" rel=\"noopener\">juhend<\/a>,\u00a0 <a href=\"https:\/\/www.malmosim.nu\/simning\/arrangemang\/nordiska-masters-2024-46500897\" target=\"_blank\" rel=\"noopener\">koduleht<\/a>, <a href=\"https:\/\/www.facebook.com\/groups\/37780503596\/permalink\/10160309333528597\" target=\"_blank\" rel=\"noopener\">FB<\/a><\/p>\n<p><strong>12.10.<\/strong> &#8220;Kevadpuhkus Ventspilis 2024&#8221;, Ventspils, L\u00e4ti, 25 m, <a href=\"https:\/\/u-klubi.com\/u-klubi\/wp-content\/uploads\/2024\/09\/Atvasaras-Relaks-Ventspili-2024.pdf\" target=\"_blank\" rel=\"noopener\">juhend<\/a>,\u00a0 <a href=\"https:\/\/www.facebook.com\/events\/396317796470841\" target=\"_blank\" rel=\"noopener\">FB<\/a><\/p>\n<p><strong>25.-27.10.<\/strong> Soome mastersujumise MV, Oulu, Soome, 50 m, <a href=\"https:\/\/u-klubi.com\/u-klubi\/wp-content\/uploads\/2024\/09\/mastersmestaruus_50m_2024_oulu_kutsu_v2.pdf\" target=\"_blank\" rel=\"noopener\">juhend<\/a><\/p>\n<p><strong>NOVEMBER<\/strong><\/p>\n<p><strong>02.11.<\/strong> Copenhagen Open Masters 2024, Copenhagen, Taani, <a href=\"https:\/\/www.facebook.com\/groups\/37780503596\/user\/100063451697030\/\" target=\"_blank\" rel=\"noopener\">FB<\/a>, <a href=\"https:\/\/copenhagen-open-masters.kvikkastrup.dk\/\" target=\"_blank\" rel=\"noopener\">juhend<\/a><\/p>\n<p><strong>09.11.<\/strong> P\u00e4rnumaa MV ujumises (mastersite arvestuse on v\u00f5istlused lahtised), Raja tn ujula, P\u00e4rnu, 25 m, <a href=\"https:\/\/u-klubi.com\/u-klubi\/wp-content\/uploads\/2024\/10\/ParnumaaMV_2024.pdf\" target=\"_blank\" rel=\"noopener\">juhend<\/a><\/p>\n<p><strong>09.11.<\/strong> &#8220;Kokneses Rudens 2024&#8221;, Koknese, L\u00e4ti, 25 m, <a href=\"https:\/\/www.facebook.com\/events\/500214062606219\" target=\"_blank\" rel=\"noopener\">FB<\/a>, <a href=\"https:\/\/u-klubi.com\/u-klubi\/wp-content\/uploads\/2024\/10\/2024_Kokneses-Rudens_nolikums_1.pdf\" target=\"_blank\" rel=\"noopener\">juhend<\/a> (l\u00e4ti keeles)<\/p>\n<p><strong>16.11.<\/strong>\u00a0 Leedu lahtised l\u00fchiraja mastersujumise MV, Druskininkai, 25 m, <a href=\"https:\/\/u-klubi.com\/u-klubi\/wp-content\/uploads\/2024\/10\/Atviras-Lietuvos-meistru-plaukimo-cempionatas-25-m-baseine-Nuostatai.pdf\" target=\"_blank\" rel=\"noopener\">juhend<\/a><\/p>\n<p><strong>17.11.<\/strong> &#8220;RIGA OPEN 2024&#8221;, Riia, 50 m, <a href=\"https:\/\/u-klubi.com\/u-klubi\/wp-content\/uploads\/2024\/09\/Riga_Open_2024_Nolikums.pdf\" target=\"_blank\" rel=\"noopener\">juhend<\/a>, <a href=\"https:\/\/www.facebook.com\/events\/1574728236793141\" target=\"_blank\" rel=\"noopener\">FB<\/a><\/p>\n<p><strong>DETSEMBER<\/strong><\/p>\n<p><strong>07.12.<\/strong> Mastersujumise Eesti MV- Supermasters 2024, N\u00f5mme ujula, 25 m, <a href=\"https:\/\/u-klubi.com\/u-klubi\/wp-content\/uploads\/2024\/11\/2024_Eesti_Masters_MV_juhend_SC.pdf\" target=\"_blank\" rel=\"noopener\">juhend<\/a>, <a href=\"https:\/\/u-klubi.com\/u-klubi\/wp-content\/uploads\/2024\/11\/EstMasters_Champs_2024_SC_ENG.pdf\" target=\"_blank\" rel=\"noopener\">invitation<\/a><\/p>\n<p>\u00a0<\/p>\n\n\n","protected":false},"excerpt":{"rendered":"<p>JAANUAR 13.01. T. Grosbergi m\u00e4lestusv\u00f5istlused \/ Sakalamaa Angerjas, Suure-Jaani, 25 m, juhend 20.-21.01. Damini 1st International Open Tournament, Sofia, Bulgaaria, juhend 27.01. Sillam\u00e4e Open, Sillam\u00e4e, 25 m, juhend VEEBRUAR 10.02. Valtu Open 2024, Kaerapere, 25 m, juhend 23.02.-03.03. FINA World Masters Championships 2024, Doha (QA), (koduleht, b\u00fcllet\u00e4\u00e4n), registreerimine on avatud kuni 16.01.2024! \u00a0https:\/\/registration.worldaquatics.com\/account\/signin?ReturnUrl=%2F M\u00c4RTS 02.03. &hellip; <a href=\"https:\/\/u-klubi.com\/u-klubi\/index.php\/voistluskalender\/2024-mastersite-voistluskalender\/\" class=\"more-link\">Loe edasi<span class=\"screen-reader-text\"> &#8220;2024 mastersite v\u00f5istluskalender&#8221;<\/span><\/a><\/p>\n","protected":false},"author":1,"featured_media":0,"parent":460,"menu_order":0,"comment_status":"closed","ping_status":"closed","template":"","meta":{"_monsterinsights_skip_tracking":false,"_monsterinsights_sitenote_active":false,"_monsterinsights_sitenote_note":"","_monsterinsights_sitenote_category":0,"two_page_speed":[],"footnotes":""},"class_list":["post-2192","page","type-page","status-publish","hentry"],"_links":{"self":[{"href":"https:\/\/u-klubi.com\/u-klubi\/index.php\/wp-json\/wp\/v2\/pages\/2192","targetHints":{"allow":["GET"]}}],"collection":[{"href":"https:\/\/u-klubi.com\/u-klubi\/index.php\/wp-json\/wp\/v2\/pages"}],"about":[{"href":"https:\/\/u-klubi.com\/u-klubi\/index.php\/wp-json\/wp\/v2\/types\/page"}],"author":[{"embeddable":true,"href":"https:\/\/u-klubi.com\/u-klubi\/index.php\/wp-json\/wp\/v2\/users\/1"}],"replies":[{"embeddable":true,"href":"https:\/\/u-klubi.com\/u-klubi\/index.php\/wp-json\/wp\/v2\/comments?post=2192"}],"version-history":[{"count":51,"href":"https:\/\/u-klubi.com\/u-klubi\/index.php\/wp-json\/wp\/v2\/pages\/2192\/revisions"}],"predecessor-version":[{"id":2515,"href":"https:\/\/u-klubi.com\/u-klubi\/index.php\/wp-json\/wp\/v2\/pages\/2192\/revisions\/2515"}],"up":[{"embeddable":true,"href":"https:\/\/u-klubi.com\/u-klubi\/index.php\/wp-json\/wp\/v2\/pages\/460"}],"wp:attachment":[{"href":"https:\/\/u-klubi.com\/u-klubi\/index.php\/wp-json\/wp\/v2\/media?parent=2192"}],"curies":[{"name":"wp","href":"https:\/\/api.w.org\/{rel}","templated":true}]}}