{"id":447,"date":"2018-03-01T20:26:12","date_gmt":"2018-03-01T18:26:12","guid":{"rendered":"http:\/\/u-klubi.com\/u-klubi\/?page_id=447"},"modified":"2025-12-30T11:03:48","modified_gmt":"2025-12-30T09:03:48","slug":"martsikuu-sunnipaevalapsed-2018","status":"publish","type":"page","link":"https:\/\/u-klubi.com\/u-klubi\/index.php\/meist\/voistlused-2\/martsikuu-sunnipaevalapsed-2018\/","title":{"rendered":"M\u00e4rtsikuu s\u00fcnnip\u00e4evad, 2026"},"content":{"rendered":"<p>01.03. Irina Dunets <span style=\"color: #ff0000;\">juubel!<\/span><br \/>\n02.03. Erkki Susi<br \/>\n05.03. \u00d5nne Pollisinski <span style=\"color: #ff0000;\">juubelike!<\/span><br \/>\n06.03. Vlada T\u00f5nsberg<br \/>\n13.03. Laur-Priit Ratassepp<br \/>\n13.0<a href=\"https:\/\/u-klubi.com\/u-klubi\/wp-content\/uploads\/2018\/03\/martsililled.jpg\"><img loading=\"lazy\" decoding=\"async\" class=\" wp-image-448 alignleft\" src=\"https:\/\/u-klubi.com\/u-klubi\/wp-content\/uploads\/2018\/03\/martsililled-272x300.jpg\" alt=\"\" width=\"255\" height=\"281\" srcset=\"https:\/\/u-klubi.com\/u-klubi\/wp-content\/uploads\/2018\/03\/martsililled-272x300.jpg 272w, https:\/\/u-klubi.com\/u-klubi\/wp-content\/uploads\/2018\/03\/martsililled.jpg 427w\" sizes=\"auto, (max-width: 255px) 85vw, 255px\" \/><\/a>3. Roman Talnis<br \/>\n14.03. Pille \u00dcprus<br \/>\n14.03. Aleksei Tere\u0161t\u0161enkov<br \/>\n16.03. Tiia Brakmann<br \/>\n20.03. Aili H\u00f5bej\u00e4rv<br \/>\n20.03. Priit Peterson<br \/>\n21.03. Tiia Riis<br \/>\n25.03. Tiiu Raud<br \/>\n25.03. Tannar Ruuben<br \/>\n26.03. Anu Allsaar<br \/>\n31.03. T\u00f5nu Meijel<span style=\"color: #ff0000;\"><br \/>\n<\/span>31.03. Anu-Helju T\u00e4\u00e4r<\/p>\n<p><span style=\"font-size: 18pt; color: #993366;\">Palju \u00f5nne!<\/span><\/p>\n","protected":false},"excerpt":{"rendered":"<p>01.03. Irina Dunets juubel! 02.03. Erkki Susi 05.03. \u00d5nne Pollisinski juubelike! 06.03. Vlada T\u00f5nsberg 13.03. Laur-Priit Ratassepp 13.03. Roman Talnis 14.03. Pille \u00dcprus 14.03. Aleksei Tere\u0161t\u0161enkov 16.03. Tiia Brakmann 20.03. Aili H\u00f5bej\u00e4rv 20.03. Priit Peterson 21.03. Tiia Riis 25.03. Tiiu Raud 25.03. Tannar Ruuben 26.03. Anu Allsaar 31.03. T\u00f5nu Meijel 31.03. Anu-Helju T\u00e4\u00e4r Palju \u00f5nne!<\/p>\n","protected":false},"author":1,"featured_media":0,"parent":14,"menu_order":1,"comment_status":"closed","ping_status":"closed","template":"","meta":{"_monsterinsights_skip_tracking":false,"_monsterinsights_sitenote_active":false,"_monsterinsights_sitenote_note":"","_monsterinsights_sitenote_category":0,"two_page_speed":[],"footnotes":""},"class_list":["post-447","page","type-page","status-publish","hentry"],"_links":{"self":[{"href":"https:\/\/u-klubi.com\/u-klubi\/index.php\/wp-json\/wp\/v2\/pages\/447","targetHints":{"allow":["GET"]}}],"collection":[{"href":"https:\/\/u-klubi.com\/u-klubi\/index.php\/wp-json\/wp\/v2\/pages"}],"about":[{"href":"https:\/\/u-klubi.com\/u-klubi\/index.php\/wp-json\/wp\/v2\/types\/page"}],"author":[{"embeddable":true,"href":"https:\/\/u-klubi.com\/u-klubi\/index.php\/wp-json\/wp\/v2\/users\/1"}],"replies":[{"embeddable":true,"href":"https:\/\/u-klubi.com\/u-klubi\/index.php\/wp-json\/wp\/v2\/comments?post=447"}],"version-history":[{"count":14,"href":"https:\/\/u-klubi.com\/u-klubi\/index.php\/wp-json\/wp\/v2\/pages\/447\/revisions"}],"predecessor-version":[{"id":2741,"href":"https:\/\/u-klubi.com\/u-klubi\/index.php\/wp-json\/wp\/v2\/pages\/447\/revisions\/2741"}],"up":[{"embeddable":true,"href":"https:\/\/u-klubi.com\/u-klubi\/index.php\/wp-json\/wp\/v2\/pages\/14"}],"wp:attachment":[{"href":"https:\/\/u-klubi.com\/u-klubi\/index.php\/wp-json\/wp\/v2\/media?parent=447"}],"curies":[{"name":"wp","href":"https:\/\/api.w.org\/{rel}","templated":true}]}}